32 a factor of 852?
False
Is 1060 a multiple of 20?
True
Is 16 a factor of 1405?
False
Is 60 a multiple of 3?
True
Is 459 a multiple of 7?
False
Is 18 a factor of 132?
False
Is 9 a factor of 81?
True
Is 4 a factor of 938?
False
Does 9 divide 24231?
False
Does 124 divide 10664?
True
Is 117 a multiple of 14?
False
Is 2212 a multiple of 7?
True
Does 27 divide 28200?
False
Is 21 a multiple of 10?
False
Is 36 a factor of 5832?
True
Is 42976 a multiple of 17?
True
Is 248 a factor of 2232?
True
Is 26 a factor of 988?
True
Is 6 a factor of 1374?
True
Does 15 divide 423?
False
Is 9 a factor of 575?
False
Is 13908 a multiple of 183?
True
Is 694 a multiple of 9?
False
Is 492 a multiple of 55?
False
Is 208 a multiple of 26?
True
Is 66576 a multiple of 76?
True
Does 12 divide 756?
True
Is 24 a factor of 1518?
False
Does 9 divide 2097?
True
Is 20 a factor of 3790?
False
Is 37 a factor of 46694?
True
Does 23 divide 1074?
False
Is 1066 a multiple of 26?
True
Is 6195 a multiple of 15?
True
Does 152 divide 40584?
True
Does 5 divide 410?
True
Is 8142 a multiple of 118?
True
Is 470 a multiple of 17?
False
Is 567 a multiple of 27?
True
Does 25 divide 3942?
False
Is 12 a factor of 4776?
True
Does 12 divide 36?
True
Is 5415 a multiple of 19?
True
Is 16 a factor of 1542?
False
Is 9 a factor of 630?
True
Is 40 a factor of 1040?
True
Is 64 a factor of 8192?
True
Is 54 a multiple of 6?
True
Is 15 a factor of 44400?
True
Does 3 divide 8771?
False
Is 80 a factor of 1094?
False
Is 154 a multiple of 28?
False
Does 8 divide 4335?
False
Is 54 a factor of 43686?
True
Is 14 a factor of 5572?
True
Is 96784 a multiple of 23?
True
Is 198 a multiple of 11?
True
Is 931 a multiple of 20?
False
Is 11 a factor of 33?
True
Is 133 even?
False
Is 190 a multiple of 2?
True
Does 10 divide 100?
True
Is 16437 a multiple of 6?
False
Is 57 a factor of 1167?
False
Is 7 a factor of 1638?
True
Is 7450 a multiple of 31?
False
Does 34 divide 648?
False
Does 52 divide 1040?
True
Is 1061 a multiple of 21?
False
Is 5 a factor of 45?
True
Is 910 a multiple of 65?
True
Is 1392 a multiple of 12?
True
Is 22 a factor of 264?
True
Is 15 a factor of 1650?
True
Is 340 a multiple of 4?
True
Is 1261 a multiple of 24?
False
Is 40 a factor of 10742?
False
Does 9 divide 19813?
False
Is 997 even?
False
Does 61 divide 421?
False
Does 34 divide 1737?
False
Is 71 a factor of 433?
False
Is 282 a multiple of 47?
True
Is 1920 a multiple of 10?
True
Is 7 a factor of 582?
False
Does 60 divide 471?
False
Is 3020 a multiple of 25?
False
Does 39 divide 7319?
False
Is 32 a factor of 42?
False
Is 25 a factor of 1950?
True
Does 19 divide 874?
True
Is 6005 a multiple of 20?
False
Does 5 divide 6710?
True
Is 10808 a multiple of 200?
False
Does 45 divide 15730?
False
Is 2158 a multiple of 4?
False
Does 7 divide 1001?
True
Does 43 divide 13980?
False
Is 49 a factor of 147?
True
Does 7 divide 9?
False
Does 110 divide 3931?
False
Does 67 divide 1943?
True
Is 7388 a multiple of 70?
False
Does 15 divide 165?
True
Does 23 divide 1104?
True
Does 23 divide 3937?
False
Is 4872 a multiple of 21?
True
Is 10130 a multiple of 20?
False
Does 4 divide 232?
True
Is 14 a factor of 4676?
True
Is 48 a multiple of 14?
False
Is 5023 a multiple of 13?
False
Is 803 a multiple of 37?
False
Is 9 a factor of 772?
False
Is 1395 a multiple of 41?
False
Does 19 divide 114?
True
Is 26 a factor of 304?
False
Is 11219 a multiple of 33?
False
Does 15 divide 317?
False
Is 55 a factor of 5890?
False
Is 15 a factor of 1815?
True
Does 13 divide 27339?
True
Is 15633 a multiple of 27?
True
Is 11404 a multiple of 7?
False
Does 10 divide 14811?
False
Is 756 a multiple of 28?
True
Is 799 a multiple of 47?
True
Is 521 a multiple of 27?
False
Does 10 divide 640?
True
Does 113 divide 25377?
False
Is 16984 a multiple of 11?
True
Is 3 a factor of 124?
False
Does 8 divide 3983?
False
Is 38 a factor of 190?
True
Does 12 divide 5917?
False
Does 8 divide 64?
True
Is 7170 a multiple of 6?
True
Is 35 a factor of 210?
True
Is 104 a multiple of 2?
True
Does 12 divide 1313?
False
Does 16 divide 24269?
False
Is 2047 a multiple of 23?
True
Is 1238 a multiple of 23?
False
Does 17 divide 5219?
True
Does 75 divide 1875?
True
Is 36 a factor of 80?
False
Does 162 divide 2916?
True
Does 30 divide 46350?
True
Does 19 divide 95?
True
Is 14 a factor of 770?
True
Is 670 a multiple of 67?
True
Does 212 divide 26500?
True
Is 40 a factor of 6259?
False
Is 10293 a multiple of 15?
False
Is 10 a factor of 163?
False
Does 36 divide 3420?
True
Does 3 divide 222?
True
Does 33 divide 330?
True
Is 6708 a multiple of 26?
True
Does 18 divide 270?
True
Does 21 divide 3619?
False
Is 5064 a multiple of 18?
False
Is 101 a factor of 303?
True
Does 141 divide 2820?
True
Does 8 divide 1444?
False
Is 883 a multiple of 18?
False
Is 3500 a multiple of 47?
False
Is 795 a multiple of 3?
True
Is 118 a factor of 11092?
True
Is 58 a factor of 711?
False
Does 13 divide 1664?
True
Is 209 a multiple of 11?
True
Is 11 a factor of 8659?
False
Is 13626 a multiple of 3?
True
Is 127357 a multiple of 39?
False
Is 24 a factor of 11688?
True
Is 31 a factor of 765?
False
Is 1712 a multiple of 25?
False
Does 4 divide 532?
True
Is 1491 a multiple of 131?
False
Is 2304 a multiple of 3?
True
Does 38 divide 13898?
False
Is 6976 a multiple of 8?
True
Does 61 divide 21567?
False
Is 20 a factor of 640?
True
Does 38 divide 115900?
True
Is 94 a factor of 2570?
False
Is 3 a factor of 148?
False
Does 35 divide 3710?
True
Is 2823 a multiple of 4?
False
Is 25 a factor of 4550?
True
Is 12008 a multiple of 79?
True
Is 11157 a multiple of 7?
False
Does 270 divide 31860?
True
Is 6 a factor of 5680?
False
Is 2714 a multiple of 46?
True
Does 199 divide 11940?
True
Is 899 a multiple of 77?
False
Does 9 divide 162?
True
Does 16 divide 384?
True
Is 1888 a multiple of 35?
False
Does 412 divide 46707?
False
Is 154 a multiple of 4?
False
Is 476 a multiple of 34?
True
Is 38 a factor of 1140?
True
Is 6 a factor of 384?
True
Is 35 a factor of 350?
True
Is 140 a multiple of 11?
False
Is 467 a multiple of 4?
False
Does 67 divide 2814?
True
Is 14694 a multiple of 31?
True
Is 12 a factor of 372?
True
Does 65 divide 2015?
True
Is 71 a factor of 43577?
False
Is 25594 a multiple of 78?
False
Does 72 divide 25128?
True
Is 4964 a multiple of 68?
True
Is 14 a factor of 252?
True
Is 19320 a multiple of 40?
True
Does 27 divide 858?
False
Does 11 divide 28?
False
Does 19 divide 523?
False
Is 30570 a multiple of 14?
False
Is 47 a factor of 179?
False
Is 85 a multiple of 9?
False
Does 23 divide 184?
True
Is 53 a factor of 1206?
False
Is 186 a factor of 80949?
False
Does 8 divide 701?
False
Is 5 a factor of 14745?
True
Is 149 a multiple of 36?
False
Does 13 divide 39?
True
Is 41420 a multiple of 38?
True
Is 28 a factor of 1802?
False
Is 5405 a multiple of 69?
False
Is 37 a factor of 74361?
False
Is 998 even?
True
Is 12 a factor of 51193?
False
Does 7 divide 66236?
False
Does 26 divide 14631?
False
Is 4 a factor of 20242?
False
Is 768 a multiple of 10?
False
Does 30 divide 166?
False
Is 97 a factor of 518?
False
Is 24360 a multiple of 35?
True
Does 5 divide 753?
False
Does 26 divide 342?
False
Does 4 divide 130?
False
Is 29893 a multiple of 167?
True
Is 915 a multiple of 14?
False
Is 1200 a multiple of 24?
True
Is 255 a multiple of 17?
True
Does 20 divide 6609?
False
Is 6 a factor of 186?
True
Does 6 divide 408?
True
Is 2 a factor of 425?
False
Is 1735 a multiple of 5?
True
Is 6571 a multiple of 96?
False
Is 38180 a multiple of 96?
False
Is 159894 a multiple of 567?
True
Does 49 divide 10275?
False
Is 455 a multiple of 13?
True
Does 23 divide 897?
True
Does 145 divide 2950?
False
Is 61 a factor of 6466?
True
Is 15 a factor of 8730?
True
Does 14 divide 7602?
True
Does 29 divide 924?
False
Is 12632 a multiple of 7?
False
Is 75 a factor of 21881?
False
Is 13 a factor of 15420?
False
Is 57 a factor of 9405?
True
Does 39 divide 1920?
False
Does 14 divide 15513?
False
Is 48498 a multiple of 137?
True
Does 68 divide 245?
False
Is 5 a factor of 4160?
True
Is 29 a factor of 4495?
True
Is 11520 a multiple of 60?
True
Does 25 divide 3156?
False
Is 10829 a multiple of 119?
True
Is 25 a factor of 250?
True
Is 212 a multiple of 53?
True
Is 16 a factor of 1447?
False
Is 7455 a multiple of 15?
